175?
175
Calculate the greatest common factor of 381 and 42799.
127
What is the highest common factor of 3036 and 528?
132
Calculate the greatest common divisor of 3 and 43557.
3
Calculate the highest common divisor of 153 and 1179.
9
What is the greatest common divisor of 1275 and 19245?
15
What is the greatest common factor of 11999 and 1352?
169
Calculate the highest common divisor of 10560 and 92070.
330
Calculate the highest common divisor of 2076 and 10860.
12
What is the greatest common factor of 5907573 and 483?
483
Calculate the highest common divisor of 201702 and 60.
6
Calculate the highest common divisor of 80727 and 3621.
213
Calculate the greatest common factor of 32 and 1668.
4
What is the greatest common divisor of 5375 and 1500?
125
Calculate the greatest common divisor of 23680 and 134310.
370
Calculate the greatest common divisor of 86460 and 66.
66
What is the greatest common divisor of 200 and 110480?
40
What is the greatest common divisor of 146938 and 308?
22
Calculate the greatest common factor of 1296 and 10314.
54
Calculate the highest common divisor of 8120 and 680.
40
Calculate the highest common factor of 72530 and 80.
10
What is the highest common factor of 16984 and 352?
88
Calculate the greatest common divisor of 420 and 1780.
20
What is the highest common divisor of 560 and 2220?
20
Calculate the highest common factor of 30 and 1513000.
10
What is the greatest common factor of 64 and 21152?
32
What is the greatest common factor of 10324 and 38359?
89
Calculate the greatest common factor of 1967 and 350.
7
Calculate the highest common divisor of 51296 and 6944.
224
Calculate the greatest common factor of 3933 and 1520.
19
Calculate the greatest common factor of 42 and 62349.
21
What is the greatest common divisor of 41273 and 554?
277
Calculate the highest common divisor of 8 and 345466.
2
What is the highest common divisor of 356382 and 2106?
234
Calculate the highest common factor of 16 and 92.
4
Calculate the greatest common factor of 765 and 24795.
45
What is the highest common factor of 53019 and 3483?
387
Calculate the highest common divisor of 2080 and 5960.
40
Calculate the highest common divisor of 19521 and 972.
81
What is the greatest common divisor of 837 and 738?
9
What is the highest common factor of 78124 and 4?
4
What is the greatest common divisor of 157002 and 274?
274
Calculate the highest common factor of 108 and 77382.
54
Calculate the highest common divisor of 1675 and 23425.
25
What is the greatest common factor of 84528 and 600?
24
What is the greatest common divisor of 48 and 3544?
8
Calculate the highest common divisor of 202617 and 1692.
423
Calculate the greatest common factor of 484 and 64009.
121
What is the greatest common factor of 48504 and 8256?
1032
What is the greatest common divisor of 484 and 34760?
44
What is the highest common divisor of 1772 and 8?
4
Calculate the greatest common factor of 1112 and 4017656.
1112
What is the greatest common factor of 1271441 and 73?
73
What is the highest common divisor of 34 and 1707990?
34
What is the highest common factor of 600 and 6216?
24
Calculate the highest common factor of 1422 and 5058.
18
Calculate the greatest common factor of 102 and 297330.
102
Calculate the highest common divisor of 150 and 40080.
30
What is the highest common divisor of 26159 and 1887?
37
Calculate the highest common factor of 30 and 1518180.
30
Calculate the highest common divisor of 243 and 111.
3
What is the greatest common divisor of 1004024 and 56?
56
Calculate the highest common divisor of 6248 and 561.
11
What is the greatest common divisor of 82180 and 420?
140
Calculate the highest common factor of 104175 and 225.
225
What is the greatest common factor of 1208445 and 45?
15
What is the highest common factor of 3 and 23304?
3
Calculate the highest common factor of 4184 and 908.
4
Calculate the greatest common factor of 187 and 141713.
11
Calculate the highest common factor of 126 and 671454.
126
Calculate the highest common factor of 411 and 548.
137
Calculate the greatest common divisor of 246 and 1859842.
82
What is the highest common factor of 14 and 19922?
14
What is the greatest common divisor of 2580 and 96?
12
What is the highest common factor of 18915 and 65715?
195
Calculate the greatest common factor of 7 and 226261.
7
What is the greatest common divisor of 489550 and 50?
50
Calculate the greatest common divisor of 30498 and 510.
102
Calculate the greatest common factor of 1323282 and 892.
446
What is the highest common divisor of 162734 and 4576?
286
Calculate the greatest common divisor of 1206 and 3492777.
201
What is the greatest common divisor of 36 and 1546362?
18
Calculate the highest common factor of 227627 and 1.
1
What is the highest common divisor of 184 and 148948?
92
What is the highest common divisor of 1725 and 3243?
69
Calculate the highest common divisor of 1666 and 56.
14
Calculate the highest common divisor of 119460 and 1650.
330
What is the greatest common factor of 2167968 and 11?
11
What is the highest common factor of 25922 and 234?
26
Calculate the greatest common factor of 4124 and 232.
4
Calculate the greatest common factor of 675887 and 19.
19
Calculate the greatest common divisor of 32380 and 1260.
20
What is the greatest common divisor of 62338 and 46534?
878
What is the highest common factor of 202 and 300778?
202
Calculate the highest common factor of 57840 and 3.
3
What is the highest common factor of 24459 and 27878?
263
Calculate the highest common factor of 11275 and 345425.
1025
Calculate the highest common factor of 228 and 118446.
114
What is the greatest common divisor of 582 and 1718646?
582
What is the highest common divisor of 13 and 1138813?
13
Calculate the greatest common divisor of 1953 and 8897.
217
What is the greatest common divisor of 2760 and 3288?
24
What is the greatest common divisor of 68849 and 1936?
121
What is the greatest common divisor of 85499 and 772?
193
What is the highest common factor of 30247 and 6699?
203
What is the greatest common factor of 4568 and 64?
8
What is the highest common divisor of 5080 and 318008?
1016
Calculate the highest common divisor of 3044865 and 5.
5
Calculate the highest common divisor of 1023683 and 281.
281
Calculate the greatest common factor of 630783 and 327.
327
What is the highest common factor of 748 and 612?
68
Calculate the highest common factor of 278 and 4.
2
What is the greatest common factor of 53424 and 34503?
1113
Calculate the greatest common divisor of 440 and 9550.
10
Calculate the greatest common divisor of 224 and 854896.
112
Calculate the greatest common divisor of 1615 and 25160.
85
What is the greatest common factor of 1914 and 261?
87
What is the greatest common divisor of 19026 and 15624?
126
Calculate the greatest common divisor of 8 and 715672.
8
Calculate the greatest common divisor of 352 and 1376.
32
What is the greatest common divisor of 13 and 1820?
13
What is the highest common divisor of 4062 and 48?
6
Calculate the highest common divisor of 4491 and 1528437.
1497
What is the highest common factor of 3960 and 122496?
264
What is the greatest common factor of 29 and 23?
1
Calculate the greatest common divisor of 456 and 208164.
228
Calculate the highest common divisor of 32 and 384512.
32
Calculate the greatest common divisor of 6412 and 458.
458
Calculate the greatest common factor of 1908 and 378.
18
What is the highest common divisor of 19 and 437057?
19
What is the highest common divisor of 53669 and 1804?
451
What is the highest common divisor of 15563 and 79?
79
What is the highest common factor of 3922017 and 66?
33
What is the highest common factor of 48818 and 154?
154
Calculate the highest common divisor of 325 and 21025.
25
What is the highest common factor of 8596 and 679?
7
What is the greatest common divisor of 890786 and 26?
26
What is the highest common divisor of 444 and 1211898?
222
What is the greatest common factor of 693 and 565884?
99
What is the greatest common divisor of 55909 and 86716?
1141
Calculate the highest common divisor of 230 and 547975.
115
What is the greatest common factor of 224093 and 1385?
277
What is the highest common divisor of 746311 and 916?
229
What is the highest 